 What is the remainder when u is divided by 15?
12
Let x(p) = -2*p**3 + p**2 - 5*p - 6. Calculate the remainder when 38 is divided by x(-2).
14
Suppose 45*r = 3*r + 462. Let y be 25/(-10)*(-4)/5. Suppose -n = -y*n + 42. Calculate the remainder when n is divided by r.
9
Let h be (((-15)/(-9))/5)/((-2)/(-186)). Let l be (-6)/(-3) + 21/1. Let w = h - l. Calculate the remainder when 29 is divided by w.
5
Let q(t) = -2*t + 7. Let j(s) = s**3 - 28*s**2 - 26*s - 99. Let n be j(29). What is the remainder when 48 is divided by q(n)?
17
Suppose -4*q = -3*i - 50 + 136, -2*q = -2*i + 54. Suppose -5*z + 8 = -z. Suppose -z*h = i - 46. What is the remainder when 46 is divided by h?
10
Let t = 2784 - 2373. What is the remainder when t is divided by 139?
133
Suppose 77*x - 384056 = -201*x + 34*x. Calculate the remainder when x is divided by 36.
26
Let m(j) = 11*j - 10. What is the remainder when m(17) is divided by 149?
28
Suppose 20 = w + w. Let l(v) = -v - 10. Let n = 31 + -44. What is the remainder when w is divided by l(n)?
1
Suppose -53*p + 4606 + 1518 + 31983 = 0. What is the remainder when p is divided by 16?
15
Suppose 14 = -7*g + 21. What is the remainder when 43 is divided by ((-4)/g + 1)*-1?
1
Let h = 112 - 104. Let t(k) = -55 - h*k + 4*k - 15. Calculate the remainder when t(-27) is divided by 8.
6
Let g = -2796 - -2912. Calculate the remainder when 569 is divided by g.
105
Suppose -27 = -3*l + 3*s, -23*s + 16*s = -3*l + 19. Calculate the remainder when 3055 is divided by l.
8
Suppose 3*r - n = -r + 20, 0 = -5*r + 2*n + 28. Suppose 0 = -5*t - w + 4*w + 170, -2*t + r*w + 54 = 0. Calculate the remainder when t is divided by 22.
15
Let c(d) = -6*d**3 + 64*d**2 - 32*d - 28. Calculate the remainder when 178 is divided by c(10).
22
Suppose y - 258 = -4*n - 77, 0 = -2*y + 2*n + 362. Calculate the remainder when y is divided by 62.
57
Suppose 5*r - 3*s - 29 = 0, 43*r - 48*r = 5*s - 45. What is the remainder when 472 is divided by r?
3
Let p(u) = u**3 + 10*u**2 + 23*u + 6. Let t be p(-10). Let c = 272 + t. What is the remainder when c is divided by 20?
8
Suppose -4048 = -11*l + 22*l. Let r = 390 + l. Calculate the remainder when 394 is divided by r.
20
Let v(j) = -j**3 - 10*j**2 + 8*j - 14. What is the remainder when 579 is divided by v(-11)?
9
Let w = -2997 + 3469. What is the remainder when w is divided by 37?
28
Let z(m) = -m**3 - 2*m**2 - 16*m - 19. Suppose 2*o = 7*o - 25, -5*n = o - 2465. Calculate the remainder when n is divided by z(-3).
36
Let a(t) = -3*t**3 + t**2 + t. Let i(j) = 8*j**3 + 4*j**2 - j + 11. Let x(b) = 3*a(b) + i(b). Calculate the remainder when 172 is divided by x(7).
22
Let j = -2 - -4. Suppose -j = 2*a - 4. Calculate the remainder when 20/2 - (-13 - 872/(-68))*-51 is divided by a.
0
Let n = 16494 - 12337. What is the remainder when n is divided by 64?
61
Let a(n) = -8*n + 2. Let r(t) = -3*t**2 + 20*t - 14. Let u be r(6). Calculate the remainder when 28 is divided by a(u).
10
Let l(q) = 112*q**2 - 27*q + 27. Suppose -13*x + 20 = 7*x. What is the remainder when l(x) is divided by 19?
17
Suppose j - 109 = -2*h - 2*h, 0 = 5*h - j - 134. Let k = 4587 + -4426. What is the remainder when k is divided by h?
26
Let x(g) = -g**2 + g + 11. Let p be x(-2). Let y(r) = 3*r**2 - 4*r + 33. What is the remainder when y(p) is divided by 9?
7
Let i = -613 + 810. What is the remainder when 460 is divided by i?
66
Let m(l) = 9*l + 223. Let f be m(0). Suppose -f*x + 226*x - 33 = 0. Suppose -4*n = -70 - 46. Calculate the remainder when n is divided by x.
7
Suppose -324 = -11*k + 7*k - 3*q, 324 = 4*k - q. What is the remainder when 165 is divided by k?
3
Suppose -231 = -0*x - 3*x. Let r(i) = -4*i**3 + 11*i**2 + 73*i + 9. Let t be r(-5). Suppose 429*q - 230 = t*q. What is the remainder when x is divided by q?
8
Let p = 467 - 424. Let n = -302 - -467. Calculate the remainder when n is divided by p.
36
Suppose -7*p + 486 = -4*p. Let y = -66 + p. What is the remainder when y is divided by 14?
12
Suppose 6*g + 7197 = 135*g + 1005. What is the remainder when 189 is divided by g?
45
Suppose 8*n - 8143 = -h, -11*h + 16*h + 3059 = 3*n. What is the remainder when n is divided by 129?
115
Let z be -8 - -4 - -7 - (6 + -3). Suppose z = -27*x + 23*x + 8. Suppose 227 = 4*j - v - 35, x*j = 3*v + 126. What is the remainder when j is divided by 34?
32
Suppose -34*a - 230 + 4244 + 1426 = 0. Calculate the remainder when 303 is divided by a.
143
Let k(u) = -4*u**3 + 9*u**2 + 25*u + 11. What is the remainder when k(-8) is divided by 37?
30
Let a = 3 - -4. Suppose -4*z + 0*z - 5*q + 95 = 0, 4*z - 2*q = 74. Suppose -u + 40 = -3*m + 23, 4*m = -z. Calculate the remainder when a is divided by u.
1
Suppose -2*o = -11*r + 9*r - 36, 0 = -r - 2. What is the remainder when 1673 is divided by o?
9
Let t = -34 + 116. Calculate the remainder when t is divided by 4 + 4/(-2) + 118 + -109.
5
Let i(c) = 4*c + 20. Let k = 273 - 176. Suppose -2*o - k = -3*o. Calculate the remainder when o is divided by i(0).
17
Let u = -556 + 568. Calculate the remainder when 21/((-2 - -3)/1) is divided by u.
9
Suppose 2*t + 6 = 20. Calculate the remainder when 106 is divided by 10/t*(-1764)/(-210).
10
Suppose 280*t = 3*l + 278*t - 44, -4*l - 2*t = -54. Calculate the remainder when 724 is divided by l.
10
Let h be 6/(-4)*(-1788)/(-18). Suppose -430 = 8*n + 146. Let u = n - h. What is the remainder when u is divided by 40?
37
Suppose 3*z - 5*u + 49 = -10, 5*u = -z - 53. Let n = z - -15. What is the remainder when (0/(-4) - n)*1 - -1 is divided by 3?
2
Suppose -4416 = -45*n + 10*n + 14484. What is the remainder when n is divided by 61?
52
Let m(b) = 21*b**2 - 40*b + 33. What is the remainder when 2955 is divided by m(3)?
99
Suppose 5*i = -4*r + 2816, i - 1915 = 3*r - 1329. Calculate the remainder when i is divided by 42.
22
Suppose 5*r = 0, -2*r + 7*r - 17 = -c. Suppose -c*q - 34 = -15*q. Let g(i) = -7*i + 38. What is the remainder when g(q) is divided by 32?
29
Suppose -j + 3*j - 282 = -3*r, 5*j = -5*r + 475. What is the remainder when r is divided by (-64)/(-6) + (-30)/1170*-13?
4
Let r be 1/(-4) - ((-6204)/(-16) + -1). Let l = 453 + r. Calculate the remainder when l is divided by 9.
3
Suppose -3*c - 2*z + 58 = 0, -3*z - 101 = -5*c - 2*z. Let i = c - 4. What is the remainder when 108 is divided by i?
12
Let z = 20571 + -20448. What is the remainder when 25950 is divided by z?
120
Let g(o) = 32*o - 3. Suppose 8*s - 2*j - 578 = 0, -497*s + 3*j - 408 = -502*s. What is the remainder when g(9) is divided by s?
60
Let y = -107 + -185. Let w = -171 - y. Calculate the remainder when w is divided by 38.
7
Let t(z) = 21*z**2 - 129*z + 24. What is the remainder when 1874 is divided by t(6)?
2
Let r be -4*(-4)/6*(-165)/(-4). Suppose -17*c + r = -7*c. Suppose 0*b + b - 21 = -2*u, 0 = -3*u - b + 29. Calculate the remainder when c is divided by u.
3
Let z = 10883 - 9435. What is the remainder when z is divided by 50?
48
Let d(g) = -g**3 + 7*g**2 + 5*g - 28. Let t be d(7). Suppose 566 = t*m - 344. Calculate the remainder when m is divided by 17.
11
Let u be 36/486 + 9554/54. Calculate the remainder when (-21 + 36)*2/6 + u is divided by 93.
89
Let d be 16 + 0/(-2) + (-24)/12. Let u(t) = 13*t - 91. Calculate the remainder when u(d) is divided by 31.
29
Let u(j) = 5*j + 1. Let t be u(0). Suppose 11 = 2*m + t. Suppose 0 = 4*z - 20, -m*p = -3*p - 3*z - 31. What is the remainder when p is divided by 4?
3
What is the remainder when (-4)/22 + (-3 - (-12120)/110) is divided by 20?
7
Let n(s) = 625*s**2 + 2*s - 1. Let z(m) = -m**2 - 3*m + 3. Let i be z(1). Let h be n(i). Calculate the remainder when h/8 - (-5)/20 is divided by 16.
14
Let u = -1088 - -1145. What is the remainder when 950 is divided by u?
38
Let x = -1170 + 1193. What is the remainder when 652 is divided by x?
8
Suppose 5*k + i + i = 350, 4*i + 20 = 0. What is the remainder when k is divided by (51/(-15))/(((-144)/(-20))/(-36))?
4
Let q(c) = 650*c + 5223. What is the remainder when 31049 is divided by q(-8)?
22
Suppose 31*x - 247 = 12*x. Suppose -x*f - f = -70. What is the remainder when 32 is divided by f?
2
Let m = -120 - -131. Calculate the remainder when 1017 is divided by m.
5
Let n = 170 + -101. Suppose 3*w + 2*s - 173 = 0, 0 = w - 2*w + 6*s + 31. What is the rem